4*c**3 - m*c**3 + 10*c - 2*c. Give s(-6).
0
Let b(t) be the third derivative of 48*t**2 - 1/2*t**3 + 1/10*t**5 + 5/24*t**4 + 0*t + 1/120*t**6 + 0. Determine b(-5).
-3
Let o(m) = 18*m**3 - 2*m + 2. Let n(r) = -21*r + 337. Let q be n(16). Give o(q).
18
Let a(k) = k**3 + 3*k**2 - 4*k + 4. Let r be 6 + (1 - (0 + 3)). Suppose 0 = -5*q - 0*x - 5*x + 10, -3*x - 22 = -r*q. Let l be (0 - q)/(2 + -1). Calculate a(l).
4
Let x(t) = 5*t + 1 - t + 5*t + 26 - 4*t. Let l = 71 + -77. What is x(l)?
-3
Suppose -43*z - 9 = -44*z - h, -5*z + 2*h = -10. Let o(x) be the third derivative of 39*x**2 - 1/6*x**3 + 0 + 0*x + 1/3*x**z. What is o(1)?
7
Let s(g) = -60*g + 5685. Let l be s(95). Let k(z) = -z**3 - 13*z**2 + 30*z - 9. Determine k(l).
-9
Let u be (1 - 15)/(5/90*-9). Let c(y) = y**3 - 27*y**2 - 24*y - 64. Give c(u).
48
Let u(j) = -j**2 - 4*j. Let t(x) = x**2 + 2*x - 44. Let s be t(-13). Let b be 24/(-11) - -2*9/s. Give u(b).
4
Let i(k) be the first derivative of k**5/20 + 11*k**4/12 - 2*k**3 + 2*k**2 - 109*k - 69. Let s(b) be the first derivative of i(b). Determine s(-12).
4
Let o = 535 - 532. Let z(l) = 6*l + l**o + 7*l**2 + 5*l - 3*l + 6 - l + 3*l. What is z(-6)?
-18
Let n(y) = 5*y**3 + 95*y**2 - 16*y - 13. Let i(q) = -2*q**3 - 42*q**2 + 8*q + 7. Let b(t) = 7*i(t) + 3*n(t). Suppose 0 = -2*x + 5*x - 24. Determine b(x).
10
Let m be 6 - 0 - 4/4. Let u be 3/(-6)*(-5 + 1). Let k(f) = -1. Let q(t) = t**2 - 6*t - 1. Let o(d) = u*k(d) - q(d). What is o(m)?
4
Let h(i) be the third derivative of 0*i - 7/24*i**4 + 8*i**2 + 2/3*i**3 + 0 + 1/30*i**5. Suppose -3*n + 48 = 9*n. Give h(n).
8
Let w(u) be the second derivative of 3*u**3/2 + 249*u**2/2 + 78*u + 17. Calculate w(-28).
-3
Let u(f) = f**3 - 5*f**2 + 3*f - 5. Suppose -117*v + 120*v - 120 = 0. Suppose 7*j + 5 - v = 0. Give u(j).
10
Let o(r) = r**2 - 59. Let q be o(8). Let f(x) = 0 + 17*x - 7 - 18*x. Determine f(q).
-12
Let o(u) = 7*u + 148. Let k be o(29). Let m = 344 - k. Let v(g) = g**3 + 8*g**2 + 7*g + 4. Calculate v(m).
4
Let l(b) = 67*b**2 - 66*b**2 - 97 + 3853*b - 3839*b. Determine l(-19).
-2
Let k = -46 + -44. Let u be 5/2*k/(-25). Let r(o) = -2*o - u*o**2 - 2*o**2 - 1 + 13*o**2. Determine r(-1).
3
Let l(z) = -z**3 - 4*z**2 - 2*z. Let b(k) = -3*k**3 - 11*k**2 - 5*k - 1. Let i(j) = -3*b(j) + 8*l(j). Let s be (-2)/(30/195) - -13. What is i(s)?
3
Let t(z) be the second derivative of z**3/6 - z**2 + 4*z + 8. Let a = -7 - -4. Let b(y) = -2*y. Let o be b(a). Determine t(o).
4
Let d(b) = -23*b - 776. Let h be d(-34). Let f(i) = -6*i + 12. Determine f(h).
-24
Suppose 4*k = 13*k + 648. Let m = 73 + k. Let w(l) = -11*l + 1. What is w(m)?
-10
Let y(t) = -t**3 + 12*t**2 + 12*t + 17. Let o(v) = 7*v**2 - 12*v + 26. Let s be o(3). Suppose -5*j + s = 5*f - j, -2*j + 46 = 4*f. What is y(f)?
4
Let v(n) = 109*n - 15*n**2 + 22*n**2 - 88*n - 29 - 6*n**2. Give v(-22).
-7
Let w(o) = 2*o + 15. Let z be w(-6). Let a(d) = 22 + d**3 + 20 - 43 - z*d**2. Give a(2).
-5
Let c be 46/(-42) - (-1)/(168/16). Let u(j) = -4*j**2 + j. What is u(c)?
-5
Let z(j) = 3*j + 1. Let f(t) be the third derivative of 13*t**4/24 - 21*t**3/2 + t**2 + 4. Let r be f(5). Give z(r).
7
Let q(j) be the first derivative of -1/4*j**4 - 7*j - 207 - 6*j**2 + 8/3*j**3. Determine q(6).
-7
Let v(h) = -3319*h + 2*h**2 + 3*h**3 + 0*h**2 + 93*h**3 + 3318*h. What is v(1)?
97
Suppose 12*m = 13*m - 24. Suppose -6*a + 12 = -m. Let o(g) = -3 + 0 + 1 - 4 + 4*g. Calculate o(a).
18
Let b(c) be the third derivative of -c**6/360 - c**5/15 + c**4/4 - 49*c**3/6 - 2*c**2 - 46. Let k(g) be the first derivative of b(g). What is k(-8)?
6
Let c(u) be the first derivative of u**4/2 + u**3 + u**2 + u - 33120. Let t(z) = -z + 4. Let g be t(6). Calculate c(g).
-7
Let a(v) = -2*v. Let s(x) = -x. Let r(n) = -6*a(n) + 10*s(n). Let f(p) = -p**3 - 18*p**2 - 240*p - 4923. Let w be f(-19). Determine r(w).
-4
Suppose -3*v - 22 = -5*v. Let z(o) be the second derivative of o**4/12 - 3*o**3/2 - 7*o**2/2 + 2966*o. Determine z(v).
15
Let n(c) = 3 + 2*c + c**2 - 2 - 8 + 0. Let p be n(-7). Let y be 76/p + (-2)/(-7). Let u(s) = -2*s + 4. What is u(y)?
-2
Suppose -28*r - 4*i + 164 = -25*r, 91 = 2*r - i. Suppose r = -22*v + 14*v. Let f(g) = -g**3 - 5*g**2 + 5*g + 1. Calculate f(v).
7
Let c(v) = v**3 + 2368 + 4*v**3 + v**3 - 2*v - 2369. Let b(p) = p - 7. Let z be b(6). Calculate c(z).
-5
Let r(l) = l**3 - 4*l**2 - 3*l - 23. Suppose 24*m - 16*m - 360 = -64*m. Calculate r(m).
-13
Suppose 5*d + 2*r - 14 = 0, -7*d - 12 = -12*d - r. Let q(h) = 0*h**3 + 1555 - h - 4*h**3 + h**d - 1554. Determine q(1).
-3
Let i = 305 + -301. Let l(k) = 4 - i + 11 - k. Give l(7).
4
Let x = 11 - 5. Let l(d) = x*d**2 - 4 - 5*d**2 + 9 + 0. Calculate l(0).
5
Let b(i) = i**3 + 12*i**2 - 4*i + 15. Let j be b(-12). Let z = j + -65. Let g(q) = 2*q**3 + q**2 - 3*q - 2. Let s be g(z). Let f(v) = -v - 2. Calculate f(s).
6
Let a(x) = -5*x + 10 + x + 5*x. Let l be a(-8). Let v(d) = -6*d + 5. Let t(o) = 24*o - 21. Let f(k) = 2*t(k) + 9*v(k). Calculate f(l).
-9
Let j(i) = -18*i**2 - i - 1. Let a be ((-6)/(-15))/((-10)/(-25)). Let p(v) = -6*v - a - 14 + 2*v - 5*v - v**2. Let r be p(-7). Calculate j(r).
-18
Let g(o) = 3*o**2 + 2*o - 21. Let b be g(5). Let s = 68 - b. Let x(t) = 5*t - 16. Let v(a) = a - 3. Let d(r) = 33*v(r) - 6*x(r). Give d(s).
9
Let w(g) be the second derivative of -13*g**3/3 + g**2/2 - 71705*g + 2. Let m be (-3)/2 + (-2)/(-4). What is w(m)?
27
Let z(c) = 1. Let m(h) = -h - 35. Let r(i) = m(i) - 2*z(i). Give r(-30).
-7
Let o(d) be the third derivative of 70*d**2 - 1/2*d**3 + 0 - 1/60*d**5 - 1/8*d**4 + 0*d. What is o(-2)?
-1
Suppose -2000 - 14946 = -37*i. Suppose -158 + i = -25*r. Let f(z) = -z - 8. Give f(r).
4
Suppose 3*w + 14 = w. Let m(g) = 38*g - 2. Let y(r) = -4*r. Let n(j) = m(j) + 4*y(j). Let c(f) = -28*f + 1. Let l(o) = -4*c(o) - 5*n(o). What is l(w)?
-8
Let w(c) = 2 - 5 - 4*c + 2. Suppose -p = 81 - 165 + 87. Calculate w(p).
11
Suppose -9*t - 193 = 167. Let i = 45 + t. Let z(s) = s - 6. Determine z(i).
-1
Let j(p) be the second derivative of p**5/20 + p**4/2 + p**3/6 - p**2/2 + p + 54. Determine j(-6).
-7
Let x(d) = -42*d**2 + 809*d - 219. Let h be x(19). Let z(s) = -11*s**2 - s - 4*s**3 - 9*s + 6 + 3*s**3. Calculate z(h).
6
Let d = 0 + -3. Let r(o) be the second derivative of -4*o - 5/6*o**3 - 1/4*o**4 - 3/2*o**2 + 6 - 1/20*o**5. Determine r(d).
12
Suppose 3*a - 4*a - 8 = 0. Let o(y) = 6 - 7*y**2 - 3 - 1769*y + 0*y**2 - y**3 + 876*y + 901*y. Calculate o(a).
3
Let k(z) = 496*z + 447*z + 433*z + 481*z - 1953*z - 1146. Give k(-12).
6
Let y(v) = -1042 - 190*v + 1019 + 188*v. Give y(-8).
-7
Let w(q) = -4*q**3 - 3*q**2 + 2*q - 5. Let a(p) = p**3 - p**2 + 1. Suppose 4*j + 1 = 21. Let b(m) = j*a(m) + w(m). What is b(8)?
16
Let k(w) be the first derivative of w**2/2 - 11*w + 2. Let t(q) = -q**3 - 3*q**2 + 9. Let v be t(-3). What is k(v)?
-2
Let h(v) = 2*v + 5. Let i(l) = 24*l + 156. Let d be i(-6). Suppose 3*n + 12 = -d. What is h(n)?
-11
Suppose d + 7 + 13 = 2*z, 20 = 5*d - 2*z. Let p(k) = 0*k + 7 + 2*k + 3. Calculate p(d).
30
Suppose -17 = 4*b - 4*l - 41, 2*b = 3*l + 19. Let w(q) = -6*q + 1. Let p(v) = -6*v + 2. Let y = -8 - -11. Let m(s) = y*w(s) - 2*p(s). Give m(b).
5
Let y be (22 - (-28 + 56))*(-1)/(-2). Let a(j) = -37*j - 91. Give a(y).
20
Let z(n) = n**2 + 13*n + 8. Let q be z(-13). Let c be 3*(1/(-4) - (-55)/44). Let t(u) = 8*u**3 + q*u**c - 15*u**3 - 2*u + 1. Determine t(-3).
-20
Suppose 0 = -2*d - 3*v - 10, 3*v = -3*d + 20 - 44. Let w(r) = r**2 + 20*r + 83. Determine w(d).
-1
Suppose 0 = -21*z + 5*p + 10, 3*z - p = 5*z + 2. Let w(k) = -k**3 - 2*k**2 + 1. Give w(z).
1
Suppose 4*z + 20 = 0, 3*z = 2*x + 4 - 27. Let o(t) = -t - 2. Let q(h) = h + 2. Let d(f) = x*o(f) + 3*q(f). Determine d(-4).
2
Suppose 0 = 5*k - c - 164, -4*k + 9*c = 5*c - 144. Suppose -4*l - k = -4*u, -2*l = -3*u + 5*u - 12. Let q(w) = -w**2 + 7*w - 6. What is q(u)?
-6
Let h be (10/4)/(4305/(-252) - -17). Let r(n) = -n**2 - 28*n + 56. What is r(h)?
-4
Let w(k) = -70*k + 30. Let d(t) = -10*t + 4. Let i(b) = -b**3 - 25*b**2 - 24*b + 15. Let y be i(-24). Let q(r) = y*d(r) - 2*w(r). Let p = 7 - 6. Give q(p).
-10
Let k(m) be the second derivative of m**5/20 + m**4/3 - m**3/2 - m**2 - 2343*m - 1. Calculate k(-3).
16
Let t(z) = z**3 - 19*z**2 + 16*z + 29. Suppose 4*h -